et i(p) = 100*p**2 + 15*p + 15. What is the remainder when i(-1) is divided by 8?
4
What is the remainder when (-7)/(-28) - (-123)/4 is divided by 12?
7
Suppose -5 + 13 = 4*p, 846 = 4*r - 5*p. Calculate the remainder when r is divided by 12.
10
Let y(o) = -o**2 + 18*o - 45. What is the remainder when y(9) is divided by 12?
0
Let z be (2/((-1)/(-2) - 0))/2. Suppose 3*a + z*a - 5*i - 215 = 0, a + i = 41. What is the remainder when a is divided by 15?
12
Let i(r) = -4*r**2 - 7*r + 19. Let j(s) = -s**2 - 2*s + 5. Let z(a) = 2*i(a) - 9*j(a). What is the remainder when 52 is divided by z(-7)?
10
Let h(t) = 97*t**2 - 663*t + 3. What is the remainder when 322 is divided by h(7)?
92
Suppose 1 = n + 4*q, -3*q + 5*q = 3*n - 3. Let k = -198 - -209. What is the remainder when (-1 + (-2 - -35))/n is divided by k?
10
Let n be (104/(-20) - -4)*-5. What is the remainder when (2 - -16)*3/n*1 is divided by 4?
1
Let v = 1349 + -1340. Calculate the remainder when 22 is divided by v.
4
Let p be -2*-10*9/6. Let c = 8 + p. What is the remainder when 75 is divided by c?
37
Let g = -47 + 77. Suppose -x = -h - 4*h + g, -4*h = -x - 24. Suppose -3*l - 15 = -h*l. Calculate the remainder when 9 is divided by l.
4
Let m(q) = 2*q**2 + q + 7. Calculate the remainder when 32 is divided by m(-2).
6
Let v(x) = -5*x**3 - 7*x**2 + 12*x - 3. Let f(r) = -14*r**3 - 20*r**2 + 35*r - 9. Let k(l) = -4*f(l) + 11*v(l). What is the remainder when k(2) is divided by 4?
3
Let y = 4 - 2. Suppose 4*t - 3*c = 57, y*t - c - 59 = -2*t. What is the remainder when 58 is divided by t?
13
Let z = -15 + 10. Let r(x) = 3*x**2 - x - 2. What is the remainder when r(2) is divided by 3*z*(-2)/6?
3
Let z be (-21)/(-5) + 8/10. Suppose 29 = s - 2*h + z*h, 12 = -4*h. What is the remainder when s is divided by (-138)/(-7) + 4/14?
18
Let d(v) = -10*v + 150. Calculate the remainder when 18 is divided by d(14).
8
Let q(k) be the first derivative of k**2 + 12*k - 3. Let c be q(-5). Suppose c*y = 8, x + 0*y + 2*y - 18 = 0. Calculate the remainder when x is divided by 3.
1
Let n(g) = g**3 - 19*g**2 - 21*g + 38. Calculate the remainder when 52 is divided by n(20).
16
Suppose -11*t + 5*o + 845 = -6*t, 2*t - 326 = -2*o. Calculate the remainder when t is divided by 42.
40
Let a(o) = 3*o**2 + 9*o - 10. Suppose 8*j + 23 = -33. Calculate the remainder when a(j) is divided by 19.
17
What is the remainder when 202 is divided by 12 - (8 + -752)/12?
54
Suppose -26*t + 93 = -23*t. Calculate the remainder when 57 is divided by t.
26
What is the remainder when 11/(33/369) + -6 is divided by 31?
24
Suppose 0 = 9*d - 14 - 13. What is the remainder when 14 is divided by d?
2
Suppose -11*u + 378 = 334. Suppose i + 3 - 23 = 0. What is the remainder when i is divided by u?
0
Let k = 977 + -710. What is the remainder when k is divided by 17?
12
Let u = 21 + -9. Let h = -8 + u. Let f(q) = q**2 + 14*q - 26. What is the remainder when f(-16) is divided by h?
2
Suppose 3*h - 84 = 30. What is the remainder when 87 is divided by h?
11
Let r(d) = -d**3 + 4*d**2 + 7*d - 16. What is the remainder when 18 is divided by r(4)?
6
What is the remainder when (1 + -2)/((-1)/77) is divided by -39*((9/15 - (-10)/25) + -2)?
38
What is the remainder when 85 is divided by (21/42)/(35/(-36) - -1)?
13
Suppose 2*s + 4*h - 45 = -3*s, 0 = -2*h. Suppose 244 = s*l - 584. Calculate the remainder when l is divided by 19.
16
Let y = -387 - -397. Suppose 0 = 5*m - m. Suppose o - 5*b = -9, -o + 2*o - 2*b = m. What is the remainder when y is divided by o?
4
Suppose u - 3 = 0, 0 = -i - 3*u - 3 + 14. Let l(m) = 17*m - 8. What is the remainder when l(i) is divided by 7?
5
Let o = -300 + 318. What is the remainder when 825 is divided by o?
15
Calculate the remainder when (2414/(-170))/((-18)/(-10) + -2) is divided by 58.
13
Suppose -2*i + 150 = 3*i. Suppose v = 2*j - 224, -j = -v + 6*v - 134. Suppose j = 3*x - x. Calculate the remainder when x is divided by i.
27
Let g = 27 - -28. Let a be (6/5)/(-3 - 27/(-10)). What is the remainder when g is divided by (-2 - -4)*((6 - -5) + a)?
13
Let k = -35 + 24. Suppose 3*w - 4*g - 40 = 51, -2*w = -3*g - 60. Let p = w + k. What is the remainder when 64 is divided by p?
20
Let h = 15 + -1. Let q = 78 - 53. Suppose -5*d + 5 = -q. What is the remainder when h is divided by d?
2
Let t(r) = -4*r - 2. Let h be (-14)/2 - 0/3. What is the remainder when t(h) is divided by 7?
5
Let v be -2*1/(-8)*-4. What is the remainder when ((-725)/(-10))/(-1*v/2) is divided by 49?
47
Let n(w) = 9*w + 3. Let g be n(7). Let d be 6 + -3 - g/(-1). Suppose 134 = 2*y + f, d = y - 0*y + f. Calculate the remainder when y is divided by 17.
14
Suppose 5*n - 8 = 4*v - 85, -3*n - 75 = -4*v. What is the remainder when v is divided by 5?
3
Let i(o) = 37*o + 359. Calculate the remainder when 2299 is divided by i(-7).
99
Suppose 4*a - 17 - 167 = -2*f, 4*f = -3*a + 143. Calculate the remainder when a is divided by 17.
11
Suppose -4*p - 1 = -69. Let c(q) = q**3 + 25*q**2 + 57*q - 165. What is the remainder when c(-22) is divided by p?
16
What is the remainder when (-4 - -4 - -3) + 118 is divided by 33?
22
Suppose 16*d + 10*d - 1014 = 0. What is the remainder when 41 is divided by d?
2
Let f(l) = 6*l**2 - 2. Calculate the remainder when -13*(14 + -11 - 8) is divided by f(2).
21
Suppose 20*v - 115 = 185. What is the remainder when 55 is divided by v?
10
Suppose 0*m + 17 = 2*m - 3*j, -4*m = -j - 19. Calculate the remainder when 5 is divided by m.
1
Let b = -155 + 271. Suppose 9*n = 4*n - y + 141, 4*n + 4*y = b. Suppose -a = -2*a + 16. What is the remainder when n is divided by a?
12
Let h be ((-1)/(-2))/(2/4). Suppose 3*g = d + 5 + h, 3*d = 0. Suppose 3*v - 67 = -g*q - 9, -3*q + 5*v + 49 = 0. What is the remainder when q is divided by 12?
11
Suppose -4*z = 2*g - 1438, 0 = 3*g - z + 6*z - 2152. What is the remainder when g is divided by 71?
70
Calculate the remainder when 86 is divided by ((-4752)/1404)/((-2)/13).
20
Let t = 9 - 20. Let s = t + 30. What is the remainder when ((-146)/(-4))/(2/4) is divided by s?
16
Let c(k) = k**3 - 5*k**2 + 5*k - 3. Let w be c(4). Suppose -p = -w, -p = -5*h - 1 + 10. What is the remainder when h/(-2) + (3 - -31) is divided by 9?
6
Suppose -3*i + 0*r - r + 1065 = 0, 0 = 5*i + r - 1773. Suppose 5*b = 11*b - i. Calculate the remainder when b is divided by 16.
11
Let r(v) = 9*v**2 - 12*v + 35. Let j(o) = 4*o**2 - 6*o + 18. Let t(m) = 7*j(m) - 3*r(m). Let k = -23 - -29. What is the remainder when 82 is divided by t(k)?
19
Suppose 26 = 2*v - s, -4*v + 32 + 20 = -4*s. Calculate the remainder when 85 is divided by v.
7
Let m(f) = -4*f. Suppose 5*d = -1 + 6. What is the remainder when (13 - -59) + d*-1 is divided by m(-6)?
23
Suppose 0 = 5*u - 2*u - 126. Suppose 191*c - 1210 = 181*c. Calculate the remainder when c is divided by u.
37
Let s(a) = -57*a - 12. Let m be s(5). What is the remainder when (m/(-18))/(2/4) is divided by 9?
6
Let y = 949 - 878. What is the remainder when 228 is divided by y?
15
Let m(h) = h**3 - 24*h**2 + 23*h + 53. Let g(l) = -l**3 - l**2 + l + 209. What is the remainder when g(0) is divided by m(23)?
50
Suppose 0 = 5*l + f - 41, 4*l - 5*f - 34 = -7. Let w = -721 - -739. What is the remainder when w is divided by l?
2
Let x(z) = z**2 + 8*z - 10. Let h(k) = 16*k + 362. Calculate the remainder when h(-17) is divided by x(-11).
21
Let q = -6 - -11. Let v = -22 + 22. Suppose v*c + 4*c = 36. What is the remainder when c is divided by q?
4
Let s(k) = k + 2. Suppose 0 = 8*p - 11*p + 12. Suppose 0*d + p*d - 32 = 0. Calculate the remainder when 17 is divided by s(d).
7
Suppose 272*j + 4209 = 275*j. What is the remainder when j is divided by 54?
53
Suppose 0 = 27*o + 59*o - 23994. Calculate the remainder when o is divided by 13.
6
Let v be -5 + 10 + -7 - 0. Suppose a - 74 = -2*a - 4*w, 0 = -4*w - 16. Calculate the remainder when ((-6)/4)/(v - (-1165)/590) is divided by a.
29
Suppose -5*f + u - 27 = -221, -3 = -3*u. What is the remainder when 231 is divided by f?
36
Suppose 4*r = 64 + 68. Let n = -9 - -18. What is the remainder when r is divided by n?
6
Suppose 2 = 3*s - 5*f, -4*s - 3*f = -4*f - 31. Calculate the remainder when 51 is divided by s.
6
Suppose -5*c + 2162 = 4*l, -1728 = 2*c - 6*c - 4*l. What is the remainder when c is divide